{"id":51,"date":"2011-12-16T15:21:40","date_gmt":"2011-12-16T14:21:40","guid":{"rendered":"https:\/\/mbbboutique.greenshift.eu\/produit\/dvd-don-juan-malandain-ballet\/"},"modified":"2025-03-27T17:10:26","modified_gmt":"2025-03-27T16:10:26","slug":"dvd-don-juan-malandain-ballet","status":"publish","type":"product","link":"https:\/\/malandainballet.com\/boutique\/produit\/dvd-don-juan-malandain-ballet\/","title":{"rendered":"DVD &#8220;Don Juan, vues d&#8217;ailleurs&#8221;"},"content":{"rendered":"<p style=\"text-align: justify;\">Musique &#8211; \u00a0Christoph Willibald Gluck<\/p>\n<p style=\"text-align: justify;\">D\u00e9cor et costumes \u2013 Jorge Gallardo<\/p>\n<p style=\"text-align: justify;\">Conception lumi\u00e8re \u2013 Jean-Claude Asqui\u00e9<\/p>\n<p style=\"text-align: justify;\">R\u00e9alisation costumes \u2013 V\u00e9ronique Murat<\/p>\n<p style=\"text-align: justify;\">Une coproduction Les Films Figures Libres &amp; Ballet Biarritz Thierry Malandain<\/p>\n<p style=\"text-align: justify;\">Le film \u00ab Don Juan, vues d\u2019ailleurs \u00bb est un film chor\u00e9graphique adapt\u00e9 pour l\u2019\u00e9cran. Dans un m\u00eame langage qu\u2019un film de fiction, il va bien au-del\u00e0 de la simple \u00abcaptation\u00bb, en mettant en lumi\u00e8re \u00a0toute l\u2019\u00e9nergie des danseurs et transportant le spectateur \u00a0dans une autre dimension : celle que le public ne voit jamais. Travail de re-cr\u00e9ation autour de l\u2019\u0153uvre du chor\u00e9graphe, le film d\u00e9voile l\u2019univers de Don Juan, tout en restant presque \u00a0fid\u00e8le \u00e0 l\u2019\u0153uvre premi\u00e8re.<\/p>\n<p style=\"text-align: justify;\">Don Juan, vues d\u2019ailleurs \u2013 49 minutes<\/p>\n<p style=\"text-align: justify;\">Bonus :La classe du Ballet Biarritz \u2013 4 minutes<\/p>\n<p style=\"text-align: justify;\">Thierry Malandain, \u00e0 propos de Don Juan \u2013 10 minutes<\/p>\n","protected":false},"excerpt":{"rendered":"<p>DVD Vid\u00e9o &#8211; 63 minutes<\/p>\n<p>Un film de Sonia Paramo<\/p>\n<p>Chor\u00e9graphie de Thierry Malandain<\/p>\n<p>&nbsp;<\/p>\n","protected":false},"featured_media":50,"template":"","meta":[],"product_brand":[],"product_cat":[31],"product_tag":[],"class_list":{"0":"post-51","1":"product","2":"type-product","3":"status-publish","4":"has-post-thumbnail","6":"product_cat-dvd-video-malandain-ballet","8":"first","9":"instock","10":"taxable","11":"shipping-taxable","12":"purchasable","13":"product-type-simple"},"_links":{"self":[{"href":"https:\/\/malandainballet.com\/boutique\/wp-json\/wp\/v2\/product\/51","targetHints":{"allow":["GET"]}}],"collection":[{"href":"https:\/\/malandainballet.com\/boutique\/wp-json\/wp\/v2\/product"}],"about":[{"href":"https:\/\/malandainballet.com\/boutique\/wp-json\/wp\/v2\/types\/product"}],"wp:featuredmedia":[{"embeddable":true,"href":"https:\/\/malandainballet.com\/boutique\/wp-json\/wp\/v2\/media\/50"}],"wp:attachment":[{"href":"https:\/\/malandainballet.com\/boutique\/wp-json\/wp\/v2\/media?parent=51"}],"wp:term":[{"taxonomy":"product_brand","embeddable":true,"href":"https:\/\/malandainballet.com\/boutique\/wp-json\/wp\/v2\/product_brand?post=51"},{"taxonomy":"product_cat","embeddable":true,"href":"https:\/\/malandainballet.com\/boutique\/wp-json\/wp\/v2\/product_cat?post=51"},{"taxonomy":"product_tag","embeddable":true,"href":"https:\/\/malandainballet.com\/boutique\/wp-json\/wp\/v2\/product_tag?post=51"}],"curies":[{"name":"wp","href":"https:\/\/api.w.org\/{rel}","templated":true}]}}

<p style="text-align: justify;">Musique &#8211;  Christoph Willibald Gluck</p>
<p style="text-align: justify;">Décor et costumes – Jorge Gallardo</p>
<p style="text-align: justify;">Conception lumière – Jean-Claude Asquié</p>
<p style="text-align: justify;">Réalisation costumes – Véronique Murat</p>
<p style="text-align: justify;">Une coproduction Les Films Figures Libres &amp; Ballet Biarritz Thierry Malandain</p>
<p style="text-align: justify;">Le film « Don Juan, vues d’ailleurs » est un film chorégraphique adapté pour l’écran. Dans un même langage qu’un film de fiction, il va bien au-delà de la simple «captation», en mettant en lumière  toute l’énergie des danseurs et transportant le spectateur  dans une autre dimension : celle que le public ne voit jamais. Travail de re-création autour de l’œuvre du chorégraphe, le film dévoile l’univers de Don Juan, tout en restant presque  fidèle à l’œuvre première.</p>
<p style="text-align: justify;">Don Juan, vues d’ailleurs – 49 minutes</p>
<p style="text-align: justify;">Bonus :La classe du Ballet Biarritz – 4 minutes</p>
<p style="text-align: justify;">Thierry Malandain, à propos de Don Juan – 10 minutes</p>

<p>DVD Vidéo &#8211; 63 minutes</p>
<p>Un film de Sonia Paramo</p>
<p>Chorégraphie de Thierry Malandain</p>
<p>&nbsp;</p>
