{"id":36,"date":"2011-12-16T12:45:34","date_gmt":"2011-12-16T11:45:34","guid":{"rendered":"https:\/\/mbbboutique.greenshift.eu\/produit\/livre-a-pas-contes-malandain-ballet\/"},"modified":"2025-08-01T10:13:51","modified_gmt":"2025-08-01T08:13:51","slug":"livre-a-pas-contes-malandain-ballet","status":"publish","type":"product","link":"https:\/\/malandainballet.com\/boutique\/produit\/livre-a-pas-contes-malandain-ballet\/","title":{"rendered":"A pas cont\u00e9s"},"content":{"rendered":"<p style=\"text-align: justify;\"><span style=\"font-family: Calibri, sans-serif;\">\u00a0<\/span>10 ans que Thierry Malandain et Ballet Biarritz sont install\u00e9s \u00e0 Biarritz.<\/p>\n<p class=\"p2\" style=\"text-align: justify;\">Une histoire \u00e0 d\u00e9couvrir ou \u00e0 retrouver dans un livre brillant et chaleureux, \u00e9crit avec la m\u00eame passion que celle qui a conduit cette aventure, par Jacqueline Thuilleux aux \u00e9ditions Atlantica.<\/p>\n<p class=\"p2\" style=\"text-align: justify;\">Illustr\u00e9 d\u2019une trentaine de photos l\u00e9gend\u00e9es par Thierry Malandain. Il se compose de cinq chapitres\u00a0:<\/p>\n<p class=\"p2\" style=\"text-align: justify;\">1) Ballet Biarritz<\/p>\n<p class=\"p2\" style=\"text-align: justify;\">2) Le Chor\u00e9graphe<\/p>\n<p class=\"p2\" style=\"text-align: justify;\">3) Dix ans de cr\u00e9ation \u00e0 Biarritz<\/p>\n<p class=\"p2\" style=\"text-align: justify;\">4) Thierry<\/p>\n<p class=\"p2\" style=\"text-align: justify;\">5) Malandain et les siens<\/p>\n<p class=\"p2\" style=\"text-align: justify;\">Jacqueline Thuilleux, historienne, \u00e9gyptologue, a quitt\u00e9 le Louvre pour assouvir sa passion de toujours pour la danse et la musique par le biais de l\u2019\u00e9criture, d\u2019abord au Figaro Quotidien et maintenant au Figaro Magazine, ainsi que par la radio \u00e0 France Culture. Elle a \u00e9galement consacr\u00e9 un livre \u00e0 Patrick Dupond,\u00a0<em>Les Ann\u00e9es Dupond au Ballet Fran\u00e7ais de Nancy<\/em>, Presses Universitaires de Nancy, 1990, o\u00f9 d\u00e9j\u00e0 elle consacrait un chapitre au jeune Thierry Malandain qu\u2019elle n\u2019a cess\u00e9 de suivre depuis.<\/p>\n<p class=\"p2\" style=\"text-align: justify;\">156 pages<\/p>\n<p class=\"p2\" style=\"text-align: justify;\">Format\u00a0: 240 x 220 mm<\/p>\n","protected":false},"excerpt":{"rendered":"<p style=\"text-align: justify;\">Un livre qui s\u2019adresse \u00e0 tous, amateurs d\u2019engagements artistiques mais aussi d\u2019aventures humaines, fid\u00e8les ou non de Thierry Malandain. Un \u00ab beau livre \u00bb mais au texte prenant, \u00e9crit avec style et \u00e9l\u00e9gance, qui relate \u00ab un combat o\u00f9 le sentiment d\u2019appartenance au Monde s\u2019oppose au d\u00e9sir de s\u2019en extraire par le r\u00eave \u00bb comme le r\u00e9sume Malandain.<br \/>\nEditions Atlantica<br \/>\nParution : d\u00e9cembre 2008<\/p>\n","protected":false},"featured_media":35,"template":"","meta":[],"product_brand":[],"product_cat":[34],"product_tag":[],"class_list":{"0":"post-36","1":"product","2":"type-product","3":"status-publish","4":"has-post-thumbnail","6":"product_cat-livres-malandain-ballet","8":"first","9":"instock","10":"taxable","11":"shipping-taxable","12":"purchasable","13":"product-type-simple"},"_links":{"self":[{"href":"https:\/\/malandainballet.com\/boutique\/wp-json\/wp\/v2\/product\/36","targetHints":{"allow":["GET"]}}],"collection":[{"href":"https:\/\/malandainballet.com\/boutique\/wp-json\/wp\/v2\/product"}],"about":[{"href":"https:\/\/malandainballet.com\/boutique\/wp-json\/wp\/v2\/types\/product"}],"wp:featuredmedia":[{"embeddable":true,"href":"https:\/\/malandainballet.com\/boutique\/wp-json\/wp\/v2\/media\/35"}],"wp:attachment":[{"href":"https:\/\/malandainballet.com\/boutique\/wp-json\/wp\/v2\/media?parent=36"}],"wp:term":[{"taxonomy":"product_brand","embeddable":true,"href":"https:\/\/malandainballet.com\/boutique\/wp-json\/wp\/v2\/product_brand?post=36"},{"taxonomy":"product_cat","embeddable":true,"href":"https:\/\/malandainballet.com\/boutique\/wp-json\/wp\/v2\/product_cat?post=36"},{"taxonomy":"product_tag","embeddable":true,"href":"https:\/\/malandainballet.com\/boutique\/wp-json\/wp\/v2\/product_tag?post=36"}],"curies":[{"name":"wp","href":"https:\/\/api.w.org\/{rel}","templated":true}]}}

A pas contés

<p style="text-align: justify;"><span style="font-family: Calibri, sans-serif;"> </span>10 ans que Thierry Malandain et Ballet Biarritz sont installés à Biarritz.</p>
<p class="p2" style="text-align: justify;">Une histoire à découvrir ou à retrouver dans un livre brillant et chaleureux, écrit avec la même passion que celle qui a conduit cette aventure, par Jacqueline Thuilleux aux éditions Atlantica.</p>
<p class="p2" style="text-align: justify;">Illustré d’une trentaine de photos légendées par Thierry Malandain. Il se compose de cinq chapitres :</p>
<p class="p2" style="text-align: justify;">1) Ballet Biarritz</p>
<p class="p2" style="text-align: justify;">2) Le Chorégraphe</p>
<p class="p2" style="text-align: justify;">3) Dix ans de création à Biarritz</p>
<p class="p2" style="text-align: justify;">4) Thierry</p>
<p class="p2" style="text-align: justify;">5) Malandain et les siens</p>
<p class="p2" style="text-align: justify;">Jacqueline Thuilleux, historienne, égyptologue, a quitté le Louvre pour assouvir sa passion de toujours pour la danse et la musique par le biais de l’écriture, d’abord au Figaro Quotidien et maintenant au Figaro Magazine, ainsi que par la radio à France Culture. Elle a également consacré un livre à Patrick Dupond, <em>Les Années Dupond au Ballet Français de Nancy</em>, Presses Universitaires de Nancy, 1990, où déjà elle consacrait un chapitre au jeune Thierry Malandain qu’elle n’a cessé de suivre depuis.</p>
<p class="p2" style="text-align: justify;">156 pages</p>
<p class="p2" style="text-align: justify;">Format : 240 x 220 mm</p>

<p style="text-align: justify;">Un livre qui s’adresse à tous, amateurs d’engagements artistiques mais aussi d’aventures humaines, fidèles ou non de Thierry Malandain. Un « beau livre » mais au texte prenant, écrit avec style et élégance, qui relate « un combat où le sentiment d’appartenance au Monde s’oppose au désir de s’en extraire par le rêve » comme le résume Malandain.<br />
Editions Atlantica<br />
Parution : décembre 2008</p>
