{"id":227,"date":"2016-10-24T18:28:11","date_gmt":"2016-10-24T16:28:11","guid":{"rendered":"https:\/\/mbbboutique.greenshift.eu\/produit\/dvd-la-belle-et-la-bete\/"},"modified":"2026-04-20T13:05:02","modified_gmt":"2026-04-20T11:05:02","slug":"dvd-la-belle-et-la-bete","status":"publish","type":"product","link":"https:\/\/malandainballet.com\/boutique\/produit\/dvd-la-belle-et-la-bete\/","title":{"rendered":"DVD La Belle et la B\u00eate"},"content":{"rendered":"<p style=\"text-align: justify;\"><span style=\"font-family: arial, helvetica, sans-serif; font-size: 10pt;\">Chor\u00e9graphie Thierry Malandain<br \/>\nMusique Piotr Llitch Tcha\u00efkovski Piotr Illitch Tcha\u00efkovski avec l\u2019Orchestre Symphonique d\u2019Euskadi sous la direction d\u2019Ainars Rubikis<br \/>\nD\u00e9cors et Costumes Jorge Gllardo<br \/>\nConception lumi\u00e8re Francis Mannaert<br \/>\nR\u00e9alisation Costumes V\u00e9ronique Murat<br \/>\nConception D\u00e9cor &amp; accessoires Fr\u00e9d\u00e9ric Vad\u00e9<br \/>\nR\u00e9alisation masques Annie Onchalo<br \/>\nSans se pencher sur toutes les interpr\u00e9tations du conte, on peut y d\u00e9celer un r\u00e9cit initiatique visant \u00e0 r\u00e9soudre la dualit\u00e9 de l\u2019\u00eatre : la Belle incarnant l\u2019\u00e2me de l\u2019\u00eatre humain et la B\u00eate sa force vitale et ses instincts.<br \/>\nAvec Jean Cocteau, dont le film sortit sur les \u00e9crans en 1946, le regard se porte sur la repr\u00e9sentation des d\u00e9mons int\u00e9rieurs de l\u2019artiste \u00e0 travers la double nature de la B\u00eate.<br \/>\n&#8220;Unit\u00e9 perdue ou nature humaine d\u00e9chir\u00e9e, quoiqu\u2019il en soit, sur des pages symphoniques de Tcha\u00efkovski, dans notre proposition la B\u00eate, d\u00e9livr\u00e9e de ses d\u00e9mons int\u00e9rieurs, \u00e9pousera la Belle sous un soleil ardent&#8221;.<br \/>\nThierry Malandain<!--EndFragment--><br \/>\n<\/span><\/p>\n","protected":false},"excerpt":{"rendered":"<p>DVD vid\u00e9o \u2013 81 minutes<br \/>\nUn film de Patrick Lauze &#8211; 2015<br \/>\nune coproduction Les Films Figures Libres, Arte Concert, Mezzo, RSI, Kanaldude, Air Images, Malandain Ballet Biarritz<\/p>\n","protected":false},"featured_media":226,"template":"","meta":[],"product_brand":[],"product_cat":[31],"product_tag":[],"class_list":{"0":"post-227","1":"product","2":"type-product","3":"status-publish","4":"has-post-thumbnail","6":"product_cat-dvd-video-malandain-ballet","8":"first","9":"instock","10":"taxable","11":"shipping-taxable","12":"purchasable","13":"product-type-simple"},"_links":{"self":[{"href":"https:\/\/malandainballet.com\/boutique\/wp-json\/wp\/v2\/product\/227","targetHints":{"allow":["GET"]}}],"collection":[{"href":"https:\/\/malandainballet.com\/boutique\/wp-json\/wp\/v2\/product"}],"about":[{"href":"https:\/\/malandainballet.com\/boutique\/wp-json\/wp\/v2\/types\/product"}],"wp:featuredmedia":[{"embeddable":true,"href":"https:\/\/malandainballet.com\/boutique\/wp-json\/wp\/v2\/media\/226"}],"wp:attachment":[{"href":"https:\/\/malandainballet.com\/boutique\/wp-json\/wp\/v2\/media?parent=227"}],"wp:term":[{"taxonomy":"product_brand","embeddable":true,"href":"https:\/\/malandainballet.com\/boutique\/wp-json\/wp\/v2\/product_brand?post=227"},{"taxonomy":"product_cat","embeddable":true,"href":"https:\/\/malandainballet.com\/boutique\/wp-json\/wp\/v2\/product_cat?post=227"},{"taxonomy":"product_tag","embeddable":true,"href":"https:\/\/malandainballet.com\/boutique\/wp-json\/wp\/v2\/product_tag?post=227"}],"curies":[{"name":"wp","href":"https:\/\/api.w.org\/{rel}","templated":true}]}}

DVD La Belle et la Bête

<p style="text-align: justify;"><span style="font-family: arial, helvetica, sans-serif; font-size: 10pt;">Chorégraphie Thierry Malandain<br />
Musique Piotr Llitch Tchaïkovski Piotr Illitch Tchaïkovski avec l’Orchestre Symphonique d’Euskadi sous la direction d’Ainars Rubikis<br />
Décors et Costumes Jorge Gllardo<br />
Conception lumière Francis Mannaert<br />
Réalisation Costumes Véronique Murat<br />
Conception Décor &amp; accessoires Frédéric Vadé<br />
Réalisation masques Annie Onchalo<br />
Sans se pencher sur toutes les interprétations du conte, on peut y déceler un récit initiatique visant à résoudre la dualité de l’être : la Belle incarnant l’âme de l’être humain et la Bête sa force vitale et ses instincts.<br />
Avec Jean Cocteau, dont le film sortit sur les écrans en 1946, le regard se porte sur la représentation des démons intérieurs de l’artiste à travers la double nature de la Bête.<br />
&#8220;Unité perdue ou nature humaine déchirée, quoiqu’il en soit, sur des pages symphoniques de Tchaïkovski, dans notre proposition la Bête, délivrée de ses démons intérieurs, épousera la Belle sous un soleil ardent&#8221;.<br />
Thierry Malandain<!--EndFragment--><br />
</span></p>

<p>DVD vidéo – 81 minutes<br />
Un film de Patrick Lauze &#8211; 2015<br />
une coproduction Les Films Figures Libres, Arte Concert, Mezzo, RSI, Kanaldude, Air Images, Malandain Ballet Biarritz</p>
