{"id":225,"date":"2015-07-03T14:14:08","date_gmt":"2015-07-03T12:14:08","guid":{"rendered":"https:\/\/mbbboutique.greenshift.eu\/produit\/pack-dvd-cendrillon\/"},"modified":"2026-02-11T10:50:42","modified_gmt":"2026-02-11T09:50:42","slug":"pack-dvd-cendrillon","status":"publish","type":"product","link":"https:\/\/malandainballet.com\/boutique\/produit\/pack-dvd-cendrillon\/","title":{"rendered":"Pack DVD Cendrillon"},"content":{"rendered":"<p>DVD Ballet CENDRILLON<\/p>\n<p>&nbsp;<\/p>\n<p>Tout en restant fid\u00e8le \u00e0 la dramaturgie de Cendrillon et \u00e0 la partition de Prokofiev, Thierry Malandain d\u00e9veloppe une approche toute personnelle, explorant certains th\u00e8mes qui lui sont chers.\u00a0Cendrillon, c\u2019est le parcours d\u2019une \u00e9toile, une \u00e9toile qui danse. Malandain nous emm\u00e8ne sur le chemin de l\u2019Accomplissement. Celui qui passe par le doute, le rejet, la souffrance, l\u2019espoir, pour atteindre enfin la lumi\u00e8re. Par cette vision, faite de cendres et de merveilleux, tant\u00f4t tragique, tant\u00f4t comique, s\u2019\u00e9crit quelque chose d\u2019universel&#8230;<\/p>\n<p>DVD Documentaires Notes en Mouvement<\/p>\n<p>Pendant 64 minutes, d\u00e9couvrez l&#8217;envers du d\u00e9cor du Malandain Ballet Biarritz et de l&#8217;Orchestre Symphonique d&#8217;Euskadi. Sous un angle \u00e0 la fois artistique et humain, les cam\u00e9ras sont plong\u00e9es au coeur de la cr\u00e9ation de Thierry Malandain. Cendrillon, de la pr\u00e9paration jusqu&#8217;\u00e0 la premi\u00e8re fran\u00e7aise \u00e0 l&#8217;Op\u00e9ra Royal du Ch\u00e2teau de Versailles. Danseurs et Musiciens sont suivis dans leur travail artistique, mais aussi dans leur vie quotidienne, o\u00f9 se m\u00ealent r\u00eaves, pr\u00e9occupations et difficult\u00e9s. L&#8217;occasion de d\u00e9couvrir de l&#8217;int\u00e9rieur la vie d&#8217;une compagnie de Ballet et celle d&#8217;un Orchestre Symphonique<\/p>\n","protected":false},"excerpt":{"rendered":"<p>DVD Ballet CENDRILLON &nbsp; Tout en restant fid\u00e8le \u00e0 la dramaturgie de Cendrillon et \u00e0 la partition de Prokofiev, Thierry&#8230;<\/p>\n","protected":false},"featured_media":224,"template":"","meta":[],"product_brand":[],"product_cat":[31],"product_tag":[],"class_list":{"0":"post-225","1":"product","2":"type-product","3":"status-publish","4":"has-post-thumbnail","6":"product_cat-dvd-video-malandain-ballet","8":"first","9":"instock","10":"taxable","11":"shipping-taxable","12":"purchasable","13":"product-type-simple"},"_links":{"self":[{"href":"https:\/\/malandainballet.com\/boutique\/wp-json\/wp\/v2\/product\/225","targetHints":{"allow":["GET"]}}],"collection":[{"href":"https:\/\/malandainballet.com\/boutique\/wp-json\/wp\/v2\/product"}],"about":[{"href":"https:\/\/malandainballet.com\/boutique\/wp-json\/wp\/v2\/types\/product"}],"wp:featuredmedia":[{"embeddable":true,"href":"https:\/\/malandainballet.com\/boutique\/wp-json\/wp\/v2\/media\/224"}],"wp:attachment":[{"href":"https:\/\/malandainballet.com\/boutique\/wp-json\/wp\/v2\/media?parent=225"}],"wp:term":[{"taxonomy":"product_brand","embeddable":true,"href":"https:\/\/malandainballet.com\/boutique\/wp-json\/wp\/v2\/product_brand?post=225"},{"taxonomy":"product_cat","embeddable":true,"href":"https:\/\/malandainballet.com\/boutique\/wp-json\/wp\/v2\/product_cat?post=225"},{"taxonomy":"product_tag","embeddable":true,"href":"https:\/\/malandainballet.com\/boutique\/wp-json\/wp\/v2\/product_tag?post=225"}],"curies":[{"name":"wp","href":"https:\/\/api.w.org\/{rel}","templated":true}]}}

<p>DVD Ballet CENDRILLON</p>
<p>&nbsp;</p>
<p>Tout en restant fidèle à la dramaturgie de Cendrillon et à la partition de Prokofiev, Thierry Malandain développe une approche toute personnelle, explorant certains thèmes qui lui sont chers. Cendrillon, c’est le parcours d’une étoile, une étoile qui danse. Malandain nous emmène sur le chemin de l’Accomplissement. Celui qui passe par le doute, le rejet, la souffrance, l’espoir, pour atteindre enfin la lumière. Par cette vision, faite de cendres et de merveilleux, tantôt tragique, tantôt comique, s’écrit quelque chose d’universel&#8230;</p>
<p>DVD Documentaires Notes en Mouvement</p>
<p>Pendant 64 minutes, découvrez l&#8217;envers du décor du Malandain Ballet Biarritz et de l&#8217;Orchestre Symphonique d&#8217;Euskadi. Sous un angle à la fois artistique et humain, les caméras sont plongées au coeur de la création de Thierry Malandain. Cendrillon, de la préparation jusqu&#8217;à la première française à l&#8217;Opéra Royal du Château de Versailles. Danseurs et Musiciens sont suivis dans leur travail artistique, mais aussi dans leur vie quotidienne, où se mêlent rêves, préoccupations et difficultés. L&#8217;occasion de découvrir de l&#8217;intérieur la vie d&#8217;une compagnie de Ballet et celle d&#8217;un Orchestre Symphonique</p>

<p>DVD Ballet CENDRILLON &nbsp; Tout en restant fidèle à la dramaturgie de Cendrillon et à la partition de Prokofiev, Thierry&#8230;</p>
