{"id":223,"date":"2015-07-03T14:07:15","date_gmt":"2015-07-03T12:07:15","guid":{"rendered":"https:\/\/mbbboutique.greenshift.eu\/produit\/dvd-ballets-estro-et-nocturnes\/"},"modified":"2026-02-11T10:49:59","modified_gmt":"2026-02-11T09:49:59","slug":"dvd-ballets-estro-et-nocturnes","status":"publish","type":"product","link":"https:\/\/malandainballet.com\/boutique\/produit\/dvd-ballets-estro-et-nocturnes\/","title":{"rendered":"DVD Ballets ESTRO et NOCTURNES"},"content":{"rendered":"<p style=\"text-align: justify;\"><span style=\"font-family: arial, helvetica, sans-serif; font-size: 10pt;\"> \u00ab Estro, est un tourbillon de cr\u00e9ativit\u00e9. [\u2026] En plus de m\u00ealer parfaitement les techniques classiques et contemporaines, le chor\u00e9graphe introduit des \u00e9l\u00e9ments de jazz et salsa. \u00bb Note di Danza, Antonella Poli<br \/>\nMusique Antonio Vivaldi<br \/>\nR\u00e9alisation costumes Karine Prins<br \/>\nConception lumi\u00e8re Jean-Claude Asqui\u00e9<br \/>\nConception d\u00e9cor Fr\u00e9d\u00e9ric Vad\u00e9, Christian Grossard<br \/>\nDur\u00e9e 35 min<br \/>\n\u00ab Nocturnes para\u00eet emprunter les voies (les voix ?) de l\u2019int\u00e9rieur, des corps comme des sons. (\u2026) Osons le gros mot : c\u2019est beau. \u00bb Ballroom, G\u00e9rard Mayen<br \/>\nMusique Fr\u00e9d\u00e9ric Chopin<br \/>\nCostumes Jorge gallardo<br \/>\nR\u00e9alisation costumes V\u00e9ronique Murat<br \/>\nConception lumi\u00e8re Jean-Claude Asqui\u00e9<br \/>\nDur\u00e9e 28 min<br \/>\nUne coproduction Teatro Victoria Eugenia \/ San Sebastian- Ballet T , Op\u00e9ra de Reims , CCN &#8211; Malandain Ballet Biarritz<br \/>\nBonus : Malandain et la musique &#8211; 16 minutes<br \/>\nR\u00e9alisation Yocom &#8211; Fr\u00e9d\u00e9ric N\u00e9ry<br \/>\n<!--EndFragment--><\/span><\/p>\n","protected":false},"excerpt":{"rendered":"<p><span style=\"font-family: arial, helvetica, sans-serif; font-size: 10pt;\"> DVD vid\u00e9o &#8211; 80 minutes<br \/>\nR\u00e9alisation Georges Flores novembre 2014<br \/>\nChor\u00e9graphie de Thierry Malandain<br \/>\n<\/span><\/p>\n","protected":false},"featured_media":222,"template":"","meta":[],"product_brand":[],"product_cat":[31],"product_tag":[],"class_list":{"0":"post-223","1":"product","2":"type-product","3":"status-publish","4":"has-post-thumbnail","6":"product_cat-dvd-video-malandain-ballet","8":"first","9":"instock","10":"taxable","11":"shipping-taxable","12":"purchasable","13":"product-type-simple"},"_links":{"self":[{"href":"https:\/\/malandainballet.com\/boutique\/wp-json\/wp\/v2\/product\/223","targetHints":{"allow":["GET"]}}],"collection":[{"href":"https:\/\/malandainballet.com\/boutique\/wp-json\/wp\/v2\/product"}],"about":[{"href":"https:\/\/malandainballet.com\/boutique\/wp-json\/wp\/v2\/types\/product"}],"wp:featuredmedia":[{"embeddable":true,"href":"https:\/\/malandainballet.com\/boutique\/wp-json\/wp\/v2\/media\/222"}],"wp:attachment":[{"href":"https:\/\/malandainballet.com\/boutique\/wp-json\/wp\/v2\/media?parent=223"}],"wp:term":[{"taxonomy":"product_brand","embeddable":true,"href":"https:\/\/malandainballet.com\/boutique\/wp-json\/wp\/v2\/product_brand?post=223"},{"taxonomy":"product_cat","embeddable":true,"href":"https:\/\/malandainballet.com\/boutique\/wp-json\/wp\/v2\/product_cat?post=223"},{"taxonomy":"product_tag","embeddable":true,"href":"https:\/\/malandainballet.com\/boutique\/wp-json\/wp\/v2\/product_tag?post=223"}],"curies":[{"name":"wp","href":"https:\/\/api.w.org\/{rel}","templated":true}]}}

<p style="text-align: justify;"><span style="font-family: arial, helvetica, sans-serif; font-size: 10pt;"> « Estro, est un tourbillon de créativité. […] En plus de mêler parfaitement les techniques classiques et contemporaines, le chorégraphe introduit des éléments de jazz et salsa. » Note di Danza, Antonella Poli<br />
Musique Antonio Vivaldi<br />
Réalisation costumes Karine Prins<br />
Conception lumière Jean-Claude Asquié<br />
Conception décor Frédéric Vadé, Christian Grossard<br />
Durée 35 min<br />
« Nocturnes paraît emprunter les voies (les voix ?) de l’intérieur, des corps comme des sons. (…) Osons le gros mot : c’est beau. » Ballroom, Gérard Mayen<br />
Musique Frédéric Chopin<br />
Costumes Jorge gallardo<br />
Réalisation costumes Véronique Murat<br />
Conception lumière Jean-Claude Asquié<br />
Durée 28 min<br />
Une coproduction Teatro Victoria Eugenia / San Sebastian- Ballet T , Opéra de Reims , CCN &#8211; Malandain Ballet Biarritz<br />
Bonus : Malandain et la musique &#8211; 16 minutes<br />
Réalisation Yocom &#8211; Frédéric Néry<br />
<!--EndFragment--></span></p>

<p><span style="font-family: arial, helvetica, sans-serif; font-size: 10pt;"> DVD vidéo &#8211; 80 minutes<br />
Réalisation Georges Flores novembre 2014<br />
Chorégraphie de Thierry Malandain<br />
</span></p>
