{"id":2211,"date":"2025-06-06T17:25:33","date_gmt":"2025-06-06T15:25:33","guid":{"rendered":"https:\/\/malandainballet.com\/boutique\/?post_type=product&#038;p=2211"},"modified":"2026-02-11T10:45:41","modified_gmt":"2026-02-11T09:45:41","slug":"2211","status":"publish","type":"product","link":"https:\/\/malandainballet.com\/boutique\/produit\/2211\/","title":{"rendered":"L&#8217;Apr\u00e8s-midi d&#8217;un faune de Vaslav Nijinski"},"content":{"rendered":"<p class=\"paragraph\" style=\"margin: 0cm; text-align: justify; vertical-align: baseline;\"><span class=\"normaltextrun\"><i><span style=\"font-size: 11.0pt; font-family: 'Calibri',sans-serif;\">L\u2019Apr\u00e8s-midi d\u2019un faune<\/span><\/i><\/span><span class=\"normaltextrun\"><span style=\"font-size: 11.0pt; font-family: 'Calibri',sans-serif;\"> de Vaslav Nijinski\u202fest le septi\u00e8me titre de la collection\u202fChefs-d\u2019\u0153uvre de la danse\u202fdirig\u00e9e par le journaliste, Philippe Verri\u00e8le et co-\u00e9dit\u00e9e par les Nouvelles \u00e9ditions Scala et Micadanses-Paris. <\/span><\/span><\/p>\n<p class=\"paragraph\" style=\"margin: 0cm; text-align: justify; vertical-align: baseline;\"><span class=\"normaltextrun\"><span style=\"font-size: 11.0pt; font-family: 'Calibri',sans-serif;\">Thierry Malandain y analyse l\u2019\u0153uvre, pr\u00e9c\u00e9d\u00e9e d\u2019une introduction de Philippe Verri\u00e8le et suivie d\u2019un entretien avec le danseur \u00e9toile, Charles Jude men\u00e9 par B\u00e9reng\u00e8re Alfort. \u00ab\u202fAvec <i>L\u2019Apr\u00e8s-midi d\u2019un faune<\/i>, chor\u00e9graphi\u00e9 par Vaslav Nijinski en 1912, tout semble clair, connu, limpide. Ces plus ou moins dix minutes d\u2019\u0153uvre dans\u00e9e sont parmi celles sur lesquelles le doute est le moins permis dans tout le r\u00e9pertoire. Et pourtant, parce que Nijinski fut un mythe absolu de la danse et parce que les Ballets russes ne cessent de fasciner, que d\u2019histoires, voire de l\u00e9gendes. Et puis cette question : puisque cette \u0153uvre est si bien connue, pourquoi la recr\u00e9er\u2009? <\/span><\/span><\/p>\n<p class=\"paragraph\" style=\"margin: 0cm; text-align: justify; vertical-align: baseline;\"><span class=\"normaltextrun\"><span style=\"font-size: 11.0pt; font-family: 'Calibri',sans-serif;\">C\u2019est donc un chor\u00e9graphe qui m\u00e8ne l\u2019enqu\u00eate et qui \u00e9claire les nombreux fils culturels menant \u00e0 ce ballet\u202f\u00bb. <\/span><\/span><\/p>\n<p class=\"paragraph\" style=\"margin: 0cm; text-align: justify; vertical-align: baseline;\"><span class=\"normaltextrun\"><span style=\"font-size: 11.0pt; font-family: 'Calibri',sans-serif;\">Publication mars 2025<\/span><\/span><\/p>\n<p class=\"paragraph\" style=\"margin: 0cm; text-align: justify; vertical-align: baseline;\"><span class=\"normaltextrun\"><span style=\"font-size: 11.0pt; font-family: 'Calibri',sans-serif;\"> 104 pages<\/span><\/span><span class=\"eop\"><span style=\"font-size: 11.0pt; font-family: 'Calibri',sans-serif;\">\u00a0<\/span><\/span><\/p>\n","protected":false},"excerpt":{"rendered":"<p>L\u2019Apr\u00e8s-midi d\u2019un faune de Vaslav Nijinski\u202fest le septi\u00e8me titre de la collection\u202fChefs-d\u2019\u0153uvre de la danse\u202fdirig\u00e9e par le journaliste, Philippe Verri\u00e8le&#8230;<\/p>\n","protected":false},"featured_media":2207,"template":"","meta":[],"product_brand":[],"product_cat":[34],"product_tag":[],"class_list":{"0":"post-2211","1":"product","2":"type-product","3":"status-publish","4":"has-post-thumbnail","6":"product_cat-livres-malandain-ballet","8":"first","9":"instock","10":"taxable","11":"shipping-taxable","12":"purchasable","13":"product-type-simple"},"_links":{"self":[{"href":"https:\/\/malandainballet.com\/boutique\/wp-json\/wp\/v2\/product\/2211","targetHints":{"allow":["GET"]}}],"collection":[{"href":"https:\/\/malandainballet.com\/boutique\/wp-json\/wp\/v2\/product"}],"about":[{"href":"https:\/\/malandainballet.com\/boutique\/wp-json\/wp\/v2\/types\/product"}],"wp:featuredmedia":[{"embeddable":true,"href":"https:\/\/malandainballet.com\/boutique\/wp-json\/wp\/v2\/media\/2207"}],"wp:attachment":[{"href":"https:\/\/malandainballet.com\/boutique\/wp-json\/wp\/v2\/media?parent=2211"}],"wp:term":[{"taxonomy":"product_brand","embeddable":true,"href":"https:\/\/malandainballet.com\/boutique\/wp-json\/wp\/v2\/product_brand?post=2211"},{"taxonomy":"product_cat","embeddable":true,"href":"https:\/\/malandainballet.com\/boutique\/wp-json\/wp\/v2\/product_cat?post=2211"},{"taxonomy":"product_tag","embeddable":true,"href":"https:\/\/malandainballet.com\/boutique\/wp-json\/wp\/v2\/product_tag?post=2211"}],"curies":[{"name":"wp","href":"https:\/\/api.w.org\/{rel}","templated":true}]}}

L&#8217;Après-midi d&#8217;un faune de Vaslav Nijinski

<p class="paragraph" style="margin: 0cm; text-align: justify; vertical-align: baseline;"><span class="normaltextrun"><i><span style="font-size: 11.0pt; font-family: 'Calibri',sans-serif;">L’Après-midi d’un faune</span></i></span><span class="normaltextrun"><span style="font-size: 11.0pt; font-family: 'Calibri',sans-serif;"> de Vaslav Nijinski est le septième titre de la collection Chefs-d’œuvre de la danse dirigée par le journaliste, Philippe Verrièle et co-éditée par les Nouvelles éditions Scala et Micadanses-Paris. </span></span></p>
<p class="paragraph" style="margin: 0cm; text-align: justify; vertical-align: baseline;"><span class="normaltextrun"><span style="font-size: 11.0pt; font-family: 'Calibri',sans-serif;">Thierry Malandain y analyse l’œuvre, précédée d’une introduction de Philippe Verrièle et suivie d’un entretien avec le danseur étoile, Charles Jude mené par Bérengère Alfort. « Avec <i>L’Après-midi d’un faune</i>, chorégraphié par Vaslav Nijinski en 1912, tout semble clair, connu, limpide. Ces plus ou moins dix minutes d’œuvre dansée sont parmi celles sur lesquelles le doute est le moins permis dans tout le répertoire. Et pourtant, parce que Nijinski fut un mythe absolu de la danse et parce que les Ballets russes ne cessent de fasciner, que d’histoires, voire de légendes. Et puis cette question : puisque cette œuvre est si bien connue, pourquoi la recréer ? </span></span></p>
<p class="paragraph" style="margin: 0cm; text-align: justify; vertical-align: baseline;"><span class="normaltextrun"><span style="font-size: 11.0pt; font-family: 'Calibri',sans-serif;">C’est donc un chorégraphe qui mène l’enquête et qui éclaire les nombreux fils culturels menant à ce ballet ». </span></span></p>
<p class="paragraph" style="margin: 0cm; text-align: justify; vertical-align: baseline;"><span class="normaltextrun"><span style="font-size: 11.0pt; font-family: 'Calibri',sans-serif;">Publication mars 2025</span></span></p>
<p class="paragraph" style="margin: 0cm; text-align: justify; vertical-align: baseline;"><span class="normaltextrun"><span style="font-size: 11.0pt; font-family: 'Calibri',sans-serif;"> 104 pages</span></span><span class="eop"><span style="font-size: 11.0pt; font-family: 'Calibri',sans-serif;"> </span></span></p>

<p>L’Après-midi d’un faune de Vaslav Nijinski est le septième titre de la collection Chefs-d’œuvre de la danse dirigée par le journaliste, Philippe Verrièle&#8230;</p>
