{"id":221,"date":"2015-03-18T11:48:41","date_gmt":"2015-03-18T10:48:41","guid":{"rendered":"https:\/\/mbbboutique.greenshift.eu\/produit\/dvd-notes-en-mouvement\/"},"modified":"2025-06-11T17:19:45","modified_gmt":"2025-06-11T15:19:45","slug":"dvd-notes-en-mouvement","status":"publish","type":"product","link":"https:\/\/malandainballet.com\/boutique\/produit\/dvd-notes-en-mouvement\/","title":{"rendered":"DVD Notes en Mouvement"},"content":{"rendered":"<p>Pendant 64 minutes, d\u00e9couvrez l&#8217;envers du d\u00e9cor du Malandain Ballet Biarritz et de l&#8217;Orchestre Symphonique d&#8217;Euskadi. Sous un angle \u00e0 la fois artistique et humain, les cam\u00e9ras sont plong\u00e9es au coeur de la cr\u00e9ation de Thierry Malandain. Cendrillon, de la pr\u00e9paration jusqu&#8217;\u00e0 la premi\u00e8re fran\u00e7aise \u00e0 l&#8217;Op\u00e9ra Royal du Ch\u00e2teau de Versailles. Danseurs et Musiciens sont suivis dans leur travail artistique, mais aussi dans leur vie quotidienne, o\u00f9 se m\u00ealent r\u00eaves, pr\u00e9occupations et difficult\u00e9s. L&#8217;occasion de d\u00e9couvrir de l&#8217;int\u00e9rieur la vie d&#8217;une compagnie de Ballet et celle d&#8217;un Orchestre Symphonique<\/p>\n","protected":false},"excerpt":{"rendered":"<p>DVD vid\u00e9o &#8211; 64 minutes<\/p>\n<p>DVD Documentaires d&#8217;Oskar Tejedor<\/p>\n<p>Suivi de la cr\u00e9ation du Ballet Cendrillon, chor\u00e9graphie Thierry Malandain avec l&#8217;Orchestre Symphonique d&#8217;Euskadi<\/p>\n<p>Sous-Titres en fran\u00e7ais, espagnol, basque<\/p>\n","protected":false},"featured_media":220,"template":"","meta":[],"product_brand":[],"product_cat":[31],"product_tag":[],"class_list":{"0":"post-221","1":"product","2":"type-product","3":"status-publish","4":"has-post-thumbnail","6":"product_cat-dvd-video-malandain-ballet","8":"first","9":"instock","10":"taxable","11":"shipping-taxable","12":"purchasable","13":"product-type-simple"},"_links":{"self":[{"href":"https:\/\/malandainballet.com\/boutique\/wp-json\/wp\/v2\/product\/221","targetHints":{"allow":["GET"]}}],"collection":[{"href":"https:\/\/malandainballet.com\/boutique\/wp-json\/wp\/v2\/product"}],"about":[{"href":"https:\/\/malandainballet.com\/boutique\/wp-json\/wp\/v2\/types\/product"}],"wp:featuredmedia":[{"embeddable":true,"href":"https:\/\/malandainballet.com\/boutique\/wp-json\/wp\/v2\/media\/220"}],"wp:attachment":[{"href":"https:\/\/malandainballet.com\/boutique\/wp-json\/wp\/v2\/media?parent=221"}],"wp:term":[{"taxonomy":"product_brand","embeddable":true,"href":"https:\/\/malandainballet.com\/boutique\/wp-json\/wp\/v2\/product_brand?post=221"},{"taxonomy":"product_cat","embeddable":true,"href":"https:\/\/malandainballet.com\/boutique\/wp-json\/wp\/v2\/product_cat?post=221"},{"taxonomy":"product_tag","embeddable":true,"href":"https:\/\/malandainballet.com\/boutique\/wp-json\/wp\/v2\/product_tag?post=221"}],"curies":[{"name":"wp","href":"https:\/\/api.w.org\/{rel}","templated":true}]}}

<p>Pendant 64 minutes, découvrez l&#8217;envers du décor du Malandain Ballet Biarritz et de l&#8217;Orchestre Symphonique d&#8217;Euskadi. Sous un angle à la fois artistique et humain, les caméras sont plongées au coeur de la création de Thierry Malandain. Cendrillon, de la préparation jusqu&#8217;à la première française à l&#8217;Opéra Royal du Château de Versailles. Danseurs et Musiciens sont suivis dans leur travail artistique, mais aussi dans leur vie quotidienne, où se mêlent rêves, préoccupations et difficultés. L&#8217;occasion de découvrir de l&#8217;intérieur la vie d&#8217;une compagnie de Ballet et celle d&#8217;un Orchestre Symphonique</p>

<p>DVD vidéo &#8211; 64 minutes</p>
<p>DVD Documentaires d&#8217;Oskar Tejedor</p>
<p>Suivi de la création du Ballet Cendrillon, chorégraphie Thierry Malandain avec l&#8217;Orchestre Symphonique d&#8217;Euskadi</p>
<p>Sous-Titres en français, espagnol, basque</p>
