{"id":218,"date":"2014-04-18T09:03:15","date_gmt":"2014-04-18T07:03:15","guid":{"rendered":"https:\/\/mbbboutique.greenshift.eu\/produit\/cendrillon-carnet-de-creation\/"},"modified":"2025-06-11T17:05:02","modified_gmt":"2025-06-11T15:05:02","slug":"cendrillon-carnet-de-creation","status":"publish","type":"product","link":"https:\/\/malandainballet.com\/boutique\/produit\/cendrillon-carnet-de-creation\/","title":{"rendered":"Livre Cendrillon, carnet de cr\u00e9ation"},"content":{"rendered":"<p style=\"text-align: justify;\">\u00ab Comment fait-on un ballet ? \u00bb C\u2019est ce \u00e0 quoi je vais essayer de r\u00e9pondre en\u00a0tenant Cendrillon par la main. Sans faire de plan mais en fl\u00e2nant avec elle au\u00a0risque de m\u2019\u00e9garer en \u00a0digressions inutiles et de devoir courir pour rattraper \u00a0l\u2019essentiel. \u00a0Au milieu des commentaires que justifie cette cr\u00e9ation, outre le reproche de\u00a0timidit\u00e9, \u00a0on trouvera sans doute que j\u2019appelle trop souvent le pass\u00e9 \u00e0 mon secours, mais Charles Perrault lui-m\u00eame, en \u00e9crivant \u00ab Il \u00e9tait une fois \u00bb, ne l\u2019encourage-t-il pas ? Toutefois, il ne va pas seulement s\u2019agir de partir\u00a0\u00e0 la recherche du temps perdu mais, pour continuer avec Marcel Proust, bel et\u00a0bien d\u2019aller \u00ab du c\u00f4t\u00e9 de chez Cendrillon \u00bb.<br \/>\nThierry Malandain<\/p>\n<p style=\"text-align: justify;\">A noter, les contributions de Laurent Brunner, directeur de l\u2019Op\u00e9ra royal du Ch\u00e2teau de Versailles, de Laurence Liban, journaliste et de Gabriel Prokofiev, compositeur tout comme l\u2019\u00e9tait son illustre grand-p\u00e8re.<\/p>\n<p>Format 235&#215;158 mm<\/p>\n<p>160 pages couleurs<\/p>\n<p>&nbsp;<\/p>\n","protected":false},"excerpt":{"rendered":"<p style=\"text-align: justify;\">Dans cet ouvrage, Cendrillon, carnet de cr\u00e9ation, Thierry Malandain livre ses pens\u00e9es sur la Danse, le parcours de sa compagnie et sur les Ballets inspir\u00e9s par Cendrillon. Ce carnet est aussi largement agr\u00e9ment\u00e9 de photos t\u00e9moignant de la cr\u00e9ation de ce ballet mais aussi d\u2019illustrations historiques issues de la collection personnelle de Thierry Malandain.<br \/>\nEditions du Centre National de la Danse (CND), collection \u00ab Parcours d\u2019artistes \u00bb<br \/>\nParution : avril 2014<\/p>\n","protected":false},"featured_media":215,"template":"","meta":[],"product_brand":[],"product_cat":[34],"product_tag":[],"class_list":{"0":"post-218","1":"product","2":"type-product","3":"status-publish","4":"has-post-thumbnail","6":"product_cat-livres-malandain-ballet","8":"first","9":"instock","10":"taxable","11":"shipping-taxable","12":"purchasable","13":"product-type-simple"},"_links":{"self":[{"href":"https:\/\/malandainballet.com\/boutique\/wp-json\/wp\/v2\/product\/218","targetHints":{"allow":["GET"]}}],"collection":[{"href":"https:\/\/malandainballet.com\/boutique\/wp-json\/wp\/v2\/product"}],"about":[{"href":"https:\/\/malandainballet.com\/boutique\/wp-json\/wp\/v2\/types\/product"}],"wp:featuredmedia":[{"embeddable":true,"href":"https:\/\/malandainballet.com\/boutique\/wp-json\/wp\/v2\/media\/215"}],"wp:attachment":[{"href":"https:\/\/malandainballet.com\/boutique\/wp-json\/wp\/v2\/media?parent=218"}],"wp:term":[{"taxonomy":"product_brand","embeddable":true,"href":"https:\/\/malandainballet.com\/boutique\/wp-json\/wp\/v2\/product_brand?post=218"},{"taxonomy":"product_cat","embeddable":true,"href":"https:\/\/malandainballet.com\/boutique\/wp-json\/wp\/v2\/product_cat?post=218"},{"taxonomy":"product_tag","embeddable":true,"href":"https:\/\/malandainballet.com\/boutique\/wp-json\/wp\/v2\/product_tag?post=218"}],"curies":[{"name":"wp","href":"https:\/\/api.w.org\/{rel}","templated":true}]}}

Livre Cendrillon, carnet de création

<p style="text-align: justify;">« Comment fait-on un ballet ? » C’est ce à quoi je vais essayer de répondre en tenant Cendrillon par la main. Sans faire de plan mais en flânant avec elle au risque de m’égarer en  digressions inutiles et de devoir courir pour rattraper  l’essentiel.  Au milieu des commentaires que justifie cette création, outre le reproche de timidité,  on trouvera sans doute que j’appelle trop souvent le passé à mon secours, mais Charles Perrault lui-même, en écrivant « Il était une fois », ne l’encourage-t-il pas ? Toutefois, il ne va pas seulement s’agir de partir à la recherche du temps perdu mais, pour continuer avec Marcel Proust, bel et bien d’aller « du côté de chez Cendrillon ».<br />
Thierry Malandain</p>
<p style="text-align: justify;">A noter, les contributions de Laurent Brunner, directeur de l’Opéra royal du Château de Versailles, de Laurence Liban, journaliste et de Gabriel Prokofiev, compositeur tout comme l’était son illustre grand-père.</p>
<p>Format 235&#215;158 mm</p>
<p>160 pages couleurs</p>
<p>&nbsp;</p>

<p style="text-align: justify;">Dans cet ouvrage, Cendrillon, carnet de création, Thierry Malandain livre ses pensées sur la Danse, le parcours de sa compagnie et sur les Ballets inspirés par Cendrillon. Ce carnet est aussi largement agrémenté de photos témoignant de la création de ce ballet mais aussi d’illustrations historiques issues de la collection personnelle de Thierry Malandain.<br />
Editions du Centre National de la Danse (CND), collection « Parcours d’artistes »<br />
Parution : avril 2014</p>
